{"id":7,"date":"2026-04-12T13:22:39","date_gmt":"2026-04-12T13:22:39","guid":{"rendered":"https:\/\/eniyi15.com\/?page_id=7"},"modified":"2026-04-12T14:16:21","modified_gmt":"2026-04-12T14:16:21","slug":"ana-sayfa","status":"publish","type":"page","link":"https:\/\/eniyi15.com\/","title":{"rendered":"Roll Up Banner"},"content":{"rendered":"\n<div class=\"wp-block-cover alignfull is-light\" style=\"min-height:720px;aspect-ratio:unset;\"><span aria-hidden=\"true\" class=\"wp-block-cover__background has-background-dim-100 has-background-dim has-background-gradient\" style=\"background:linear-gradient(35deg,rgb(6,0,151) 0%,rgb(130,4,255) 73%,rgb(193,15,255) 100%)\"><\/span><div class=\"wp-block-cover__inner-container is-layout-flow wp-block-cover-is-layout-flow\">\n<div class=\"inherit-container-width wp-block-group alignwide is-layout-constrained wp-block-group-is-layout-constrained\">\n<div class=\"wp-block-media-text has-media-on-the-right is-stacked-on-mobile is-vertically-aligned-center alignwide\" style=\"grid-template-columns:auto 43%\"><div class=\"wp-block-media-text__content\">\n<h1 class=\"wp-block-heading has-text-align-left has-white-color has-text-color\">Bask\u0131l\u0131 Reklam \u00dcr\u00fcnleri.<\/h1>\n\n\n\n<p class=\"has-white-color has-text-color\">Bayrak &#8211; Roll Up &#8211; Bez \u00c7anta &#8211; \u00d6r\u00fcmcek Stant ve Arka Plan Backdrop \u00dcr\u00fcnleri \u00dcretiyoruz.<\/p>\n\n\n\n<div class=\"wp-block-buttons is-layout-flex wp-block-buttons-is-layout-flex\">\n<div class=\"wp-block-button\"><a class=\"wp-block-button__link wp-element-button\" href=\"#\">WhatsApp&#8217;dan Sipari\u015f Vermek \u0130\u00e7in T\u0131klay\u0131n.<\/a><\/div>\n<\/div>\n<\/div><figure class=\"wp-block-media-text__media\"><img loading=\"lazy\" decoding=\"async\" width=\"1024\" height=\"559\" src=\"https:\/\/eniyi15.com\/wp-content\/uploads\/2026\/04\/bayrakci-1024x559.png\" alt=\"\" class=\"wp-image-27 size-full\" srcset=\"https:\/\/eniyi15.com\/wp-content\/uploads\/2026\/04\/bayrakci-1024x559.png 1024w, https:\/\/eniyi15.com\/wp-content\/uploads\/2026\/04\/bayrakci-300x164.png 300w, https:\/\/eniyi15.com\/wp-content\/uploads\/2026\/04\/bayrakci-768x419.png 768w, https:\/\/eniyi15.com\/wp-content\/uploads\/2026\/04\/bayrakci.png 1408w\" sizes=\"auto, (max-width: 1024px) 100vw, 1024px\" \/><\/figure><\/div>\n<\/div>\n<\/div><\/div>\n\n\n\n<div class=\"wp-block-group alignfull has-ast-global-color-5-background-color has-background is-layout-constrained wp-container-core-group-is-layout-94d206d0 wp-block-group-is-layout-constrained\" id=\"about\" style=\"padding-top:143px;padding-bottom:144px\">\n<figure class=\"wp-block-gallery has-nested-images columns-default is-cropped wp-block-gallery-1 is-layout-flex wp-block-gallery-is-layout-flex\">\n<figure class=\"wp-block-image size-large\"><img loading=\"lazy\" decoding=\"async\" width=\"768\" height=\"1024\" data-id=\"38\" src=\"https:\/\/eniyi15.com\/wp-content\/uploads\/2026\/04\/WhatsApp-Image-2026-04-07-at-18.04.41-2-768x1024.jpeg\" alt=\"\" class=\"wp-image-38\" srcset=\"https:\/\/eniyi15.com\/wp-content\/uploads\/2026\/04\/WhatsApp-Image-2026-04-07-at-18.04.41-2-768x1024.jpeg 768w, https:\/\/eniyi15.com\/wp-content\/uploads\/2026\/04\/WhatsApp-Image-2026-04-07-at-18.04.41-2-225x300.jpeg 225w, https:\/\/eniyi15.com\/wp-content\/uploads\/2026\/04\/WhatsApp-Image-2026-04-07-at-18.04.41-2-1152x1536.jpeg 1152w, https:\/\/eniyi15.com\/wp-content\/uploads\/2026\/04\/WhatsApp-Image-2026-04-07-at-18.04.41-2.jpeg 1200w\" sizes=\"auto, (max-width: 768px) 100vw, 768px\" \/><\/figure>\n\n\n\n<figure class=\"wp-block-image size-large\"><img loading=\"lazy\" decoding=\"async\" width=\"768\" height=\"1024\" data-id=\"39\" src=\"https:\/\/eniyi15.com\/wp-content\/uploads\/2026\/04\/WhatsApp-Image-2026-04-07-at-18.04.42-1-1-768x1024.jpeg\" alt=\"\" class=\"wp-image-39\" srcset=\"https:\/\/eniyi15.com\/wp-content\/uploads\/2026\/04\/WhatsApp-Image-2026-04-07-at-18.04.42-1-1-768x1024.jpeg 768w, https:\/\/eniyi15.com\/wp-content\/uploads\/2026\/04\/WhatsApp-Image-2026-04-07-at-18.04.42-1-1-225x300.jpeg 225w, https:\/\/eniyi15.com\/wp-content\/uploads\/2026\/04\/WhatsApp-Image-2026-04-07-at-18.04.42-1-1-1152x1536.jpeg 1152w, https:\/\/eniyi15.com\/wp-content\/uploads\/2026\/04\/WhatsApp-Image-2026-04-07-at-18.04.42-1-1.jpeg 1200w\" sizes=\"auto, (max-width: 768px) 100vw, 768px\" \/><\/figure>\n\n\n\n<figure class=\"wp-block-image size-large\"><img loading=\"lazy\" decoding=\"async\" width=\"768\" height=\"1024\" data-id=\"40\" src=\"https:\/\/eniyi15.com\/wp-content\/uploads\/2026\/04\/WhatsApp-Image-2026-04-07-at-18.04.42-768x1024.jpeg\" alt=\"\" class=\"wp-image-40\" srcset=\"https:\/\/eniyi15.com\/wp-content\/uploads\/2026\/04\/WhatsApp-Image-2026-04-07-at-18.04.42-768x1024.jpeg 768w, https:\/\/eniyi15.com\/wp-content\/uploads\/2026\/04\/WhatsApp-Image-2026-04-07-at-18.04.42-225x300.jpeg 225w, https:\/\/eniyi15.com\/wp-content\/uploads\/2026\/04\/WhatsApp-Image-2026-04-07-at-18.04.42-1152x1536.jpeg 1152w, https:\/\/eniyi15.com\/wp-content\/uploads\/2026\/04\/WhatsApp-Image-2026-04-07-at-18.04.42.jpeg 1200w\" sizes=\"auto, (max-width: 768px) 100vw, 768px\" \/><\/figure>\n\n\n\n<figure class=\"wp-block-image size-large\"><img loading=\"lazy\" decoding=\"async\" width=\"768\" height=\"1024\" data-id=\"42\" src=\"https:\/\/eniyi15.com\/wp-content\/uploads\/2026\/04\/WhatsApp-Image-2026-04-07-at-18.07.56-1-4-768x1024.jpeg\" alt=\"\" class=\"wp-image-42\" srcset=\"https:\/\/eniyi15.com\/wp-content\/uploads\/2026\/04\/WhatsApp-Image-2026-04-07-at-18.07.56-1-4-768x1024.jpeg 768w, https:\/\/eniyi15.com\/wp-content\/uploads\/2026\/04\/WhatsApp-Image-2026-04-07-at-18.07.56-1-4-225x300.jpeg 225w, https:\/\/eniyi15.com\/wp-content\/uploads\/2026\/04\/WhatsApp-Image-2026-04-07-at-18.07.56-1-4-1152x1536.jpeg 1152w, https:\/\/eniyi15.com\/wp-content\/uploads\/2026\/04\/WhatsApp-Image-2026-04-07-at-18.07.56-1-4.jpeg 1200w\" sizes=\"auto, (max-width: 768px) 100vw, 768px\" \/><\/figure>\n\n\n\n<figure class=\"wp-block-image size-large\"><img loading=\"lazy\" decoding=\"async\" width=\"768\" height=\"1024\" data-id=\"41\" src=\"https:\/\/eniyi15.com\/wp-content\/uploads\/2026\/04\/WhatsApp-Image-2026-04-07-at-18.07.56-2-768x1024.jpeg\" alt=\"\" class=\"wp-image-41\" srcset=\"https:\/\/eniyi15.com\/wp-content\/uploads\/2026\/04\/WhatsApp-Image-2026-04-07-at-18.07.56-2-768x1024.jpeg 768w, https:\/\/eniyi15.com\/wp-content\/uploads\/2026\/04\/WhatsApp-Image-2026-04-07-at-18.07.56-2-225x300.jpeg 225w, https:\/\/eniyi15.com\/wp-content\/uploads\/2026\/04\/WhatsApp-Image-2026-04-07-at-18.07.56-2-1152x1536.jpeg 1152w, https:\/\/eniyi15.com\/wp-content\/uploads\/2026\/04\/WhatsApp-Image-2026-04-07-at-18.07.56-2.jpeg 1200w\" sizes=\"auto, (max-width: 768px) 100vw, 768px\" \/><\/figure>\n\n\n\n<figure class=\"wp-block-image size-large\"><img loading=\"lazy\" decoding=\"async\" width=\"768\" height=\"1024\" data-id=\"43\" src=\"https:\/\/eniyi15.com\/wp-content\/uploads\/2026\/04\/WhatsApp-Image-2026-04-07-at-18.08.22-1-768x1024.jpeg\" alt=\"\" class=\"wp-image-43\" srcset=\"https:\/\/eniyi15.com\/wp-content\/uploads\/2026\/04\/WhatsApp-Image-2026-04-07-at-18.08.22-1-768x1024.jpeg 768w, https:\/\/eniyi15.com\/wp-content\/uploads\/2026\/04\/WhatsApp-Image-2026-04-07-at-18.08.22-1-225x300.jpeg 225w, https:\/\/eniyi15.com\/wp-content\/uploads\/2026\/04\/WhatsApp-Image-2026-04-07-at-18.08.22-1-1152x1536.jpeg 1152w, https:\/\/eniyi15.com\/wp-content\/uploads\/2026\/04\/WhatsApp-Image-2026-04-07-at-18.08.22-1.jpeg 1200w\" sizes=\"auto, (max-width: 768px) 100vw, 768px\" \/><\/figure>\n<\/figure>\n\n\n\n<figure class=\"wp-block-gallery has-nested-images columns-default is-cropped wp-block-gallery-2 is-layout-flex wp-block-gallery-is-layout-flex\">\n<figure class=\"wp-block-image size-large\"><img loading=\"lazy\" decoding=\"async\" width=\"768\" height=\"1024\" data-id=\"44\" src=\"https:\/\/eniyi15.com\/wp-content\/uploads\/2026\/04\/WhatsApp-Image-2026-04-07-at-18.02.42-768x1024.jpeg\" alt=\"\" class=\"wp-image-44\" srcset=\"https:\/\/eniyi15.com\/wp-content\/uploads\/2026\/04\/WhatsApp-Image-2026-04-07-at-18.02.42-768x1024.jpeg 768w, https:\/\/eniyi15.com\/wp-content\/uploads\/2026\/04\/WhatsApp-Image-2026-04-07-at-18.02.42-225x300.jpeg 225w, https:\/\/eniyi15.com\/wp-content\/uploads\/2026\/04\/WhatsApp-Image-2026-04-07-at-18.02.42-1152x1536.jpeg 1152w, https:\/\/eniyi15.com\/wp-content\/uploads\/2026\/04\/WhatsApp-Image-2026-04-07-at-18.02.42.jpeg 1200w\" sizes=\"auto, (max-width: 768px) 100vw, 768px\" \/><\/figure>\n\n\n\n<figure class=\"wp-block-image size-large\"><img loading=\"lazy\" decoding=\"async\" width=\"1015\" height=\"1024\" data-id=\"65\" src=\"https:\/\/eniyi15.com\/wp-content\/uploads\/2026\/04\/WhatsApp-Image-2026-04-12-at-17.11.26-1015x1024.jpeg\" alt=\"\" class=\"wp-image-65\" srcset=\"https:\/\/eniyi15.com\/wp-content\/uploads\/2026\/04\/WhatsApp-Image-2026-04-12-at-17.11.26-1015x1024.jpeg 1015w, https:\/\/eniyi15.com\/wp-content\/uploads\/2026\/04\/WhatsApp-Image-2026-04-12-at-17.11.26-297x300.jpeg 297w, https:\/\/eniyi15.com\/wp-content\/uploads\/2026\/04\/WhatsApp-Image-2026-04-12-at-17.11.26-150x150.jpeg 150w, https:\/\/eniyi15.com\/wp-content\/uploads\/2026\/04\/WhatsApp-Image-2026-04-12-at-17.11.26-768x775.jpeg 768w, https:\/\/eniyi15.com\/wp-content\/uploads\/2026\/04\/WhatsApp-Image-2026-04-12-at-17.11.26.jpeg 1206w\" sizes=\"auto, (max-width: 1015px) 100vw, 1015px\" \/><\/figure>\n\n\n\n<figure class=\"wp-block-image size-large\"><img loading=\"lazy\" decoding=\"async\" width=\"776\" height=\"1024\" data-id=\"66\" src=\"https:\/\/eniyi15.com\/wp-content\/uploads\/2026\/04\/WhatsApp-Image-2026-04-12-at-17.11.54-776x1024.jpeg\" alt=\"\" class=\"wp-image-66\" srcset=\"https:\/\/eniyi15.com\/wp-content\/uploads\/2026\/04\/WhatsApp-Image-2026-04-12-at-17.11.54-776x1024.jpeg 776w, https:\/\/eniyi15.com\/wp-content\/uploads\/2026\/04\/WhatsApp-Image-2026-04-12-at-17.11.54-227x300.jpeg 227w, https:\/\/eniyi15.com\/wp-content\/uploads\/2026\/04\/WhatsApp-Image-2026-04-12-at-17.11.54-768x1014.jpeg 768w, https:\/\/eniyi15.com\/wp-content\/uploads\/2026\/04\/WhatsApp-Image-2026-04-12-at-17.11.54-1164x1536.jpeg 1164w, https:\/\/eniyi15.com\/wp-content\/uploads\/2026\/04\/WhatsApp-Image-2026-04-12-at-17.11.54.jpeg 1206w\" sizes=\"auto, (max-width: 776px) 100vw, 776px\" \/><\/figure>\n\n\n\n<figure class=\"wp-block-image size-large\"><img loading=\"lazy\" decoding=\"async\" width=\"768\" height=\"1024\" data-id=\"68\" src=\"https:\/\/eniyi15.com\/wp-content\/uploads\/2026\/04\/WhatsApp-Image-2026-04-12-at-17.11.26-1-768x1024.jpeg\" alt=\"\" class=\"wp-image-68\" srcset=\"https:\/\/eniyi15.com\/wp-content\/uploads\/2026\/04\/WhatsApp-Image-2026-04-12-at-17.11.26-1-768x1024.jpeg 768w, https:\/\/eniyi15.com\/wp-content\/uploads\/2026\/04\/WhatsApp-Image-2026-04-12-at-17.11.26-1-225x300.jpeg 225w, https:\/\/eniyi15.com\/wp-content\/uploads\/2026\/04\/WhatsApp-Image-2026-04-12-at-17.11.26-1-1152x1536.jpeg 1152w, https:\/\/eniyi15.com\/wp-content\/uploads\/2026\/04\/WhatsApp-Image-2026-04-12-at-17.11.26-1.jpeg 1200w\" sizes=\"auto, (max-width: 768px) 100vw, 768px\" \/><\/figure>\n\n\n\n<figure class=\"wp-block-image size-large\"><img loading=\"lazy\" decoding=\"async\" width=\"682\" height=\"1024\" data-id=\"48\" src=\"https:\/\/eniyi15.com\/wp-content\/uploads\/2026\/04\/WhatsApp-Image-2026-04-07-at-18.10.31-1-682x1024.jpeg\" alt=\"\" class=\"wp-image-48\" srcset=\"https:\/\/eniyi15.com\/wp-content\/uploads\/2026\/04\/WhatsApp-Image-2026-04-07-at-18.10.31-1-682x1024.jpeg 682w, https:\/\/eniyi15.com\/wp-content\/uploads\/2026\/04\/WhatsApp-Image-2026-04-07-at-18.10.31-1-200x300.jpeg 200w, https:\/\/eniyi15.com\/wp-content\/uploads\/2026\/04\/WhatsApp-Image-2026-04-07-at-18.10.31-1-768x1153.jpeg 768w, https:\/\/eniyi15.com\/wp-content\/uploads\/2026\/04\/WhatsApp-Image-2026-04-07-at-18.10.31-1-1023x1536.jpeg 1023w, https:\/\/eniyi15.com\/wp-content\/uploads\/2026\/04\/WhatsApp-Image-2026-04-07-at-18.10.31-1.jpeg 1066w\" sizes=\"auto, (max-width: 682px) 100vw, 682px\" \/><\/figure>\n\n\n\n<figure class=\"wp-block-image size-large\"><img loading=\"lazy\" decoding=\"async\" width=\"768\" height=\"1024\" data-id=\"49\" src=\"https:\/\/eniyi15.com\/wp-content\/uploads\/2026\/04\/WhatsApp-Image-2026-04-07-at-18.16.48-768x1024.jpeg\" alt=\"\" class=\"wp-image-49\" srcset=\"https:\/\/eniyi15.com\/wp-content\/uploads\/2026\/04\/WhatsApp-Image-2026-04-07-at-18.16.48-768x1024.jpeg 768w, https:\/\/eniyi15.com\/wp-content\/uploads\/2026\/04\/WhatsApp-Image-2026-04-07-at-18.16.48-225x300.jpeg 225w, https:\/\/eniyi15.com\/wp-content\/uploads\/2026\/04\/WhatsApp-Image-2026-04-07-at-18.16.48-1152x1536.jpeg 1152w, https:\/\/eniyi15.com\/wp-content\/uploads\/2026\/04\/WhatsApp-Image-2026-04-07-at-18.16.48.jpeg 1200w\" sizes=\"auto, (max-width: 768px) 100vw, 768px\" \/><\/figure>\n<\/figure>\n<\/div>\n","protected":false},"excerpt":{"rendered":"","protected":false},"author":1,"featured_media":0,"parent":0,"menu_order":0,"comment_status":"closed","ping_status":"closed","template":"","meta":{"site-sidebar-layout":"no-sidebar","site-content-layout":"plain-container","ast-site-content-layout":"default","site-content-style":"default","site-sidebar-style":"default","ast-global-header-display":"","ast-banner-title-visibility":"","ast-main-header-display":"","ast-hfb-above-header-display":"","ast-hfb-below-header-display":"","ast-hfb-mobile-header-display":"","site-post-title":"disabled","ast-breadcrumbs-content":"","ast-featured-img":"","footer-sml-layout":"","ast-disable-related-posts":"","theme-transparent-header-meta":"enabled","adv-header-id-meta":"","stick-header-meta":"","header-above-stick-meta":"","header-main-stick-meta":"","header-below-stick-meta":"","astra-migrate-meta-layouts":"default","ast-page-background-enabled":"default","ast-page-background-meta":{"desktop":{"background-color":"var(--ast-global-color-5)","background-image":"","background-repeat":"repeat","background-position":"center center","background-size":"auto","background-attachment":"scroll","background-type":"","background-media":"","overlay-type":"","overlay-color":"","overlay-opacity":"","overlay-gradient":""},"tablet":{"background-color":"","background-image":"","background-repeat":"repeat","background-position":"center center","background-size":"auto","background-attachment":"scroll","background-type":"","background-media":"","overlay-type":"","overlay-color":"","overlay-opacity":"","overlay-gradient":""},"mobile":{"background-color":"","background-image":"","background-repeat":"repeat","background-position":"center center","background-size":"auto","background-attachment":"scroll","background-type":"","background-media":"","overlay-type":"","overlay-color":"","overlay-opacity":"","overlay-gradient":""}},"ast-content-background-meta":{"desktop":{"background-color":"var(--ast-global-color-4)","background-image":"","background-repeat":"repeat","background-position":"center center","background-size":"auto","background-attachment":"scroll","background-type":"","background-media":"","overlay-type":"","overlay-color":"","overlay-opacity":"","overlay-gradient":""},"tablet":{"background-color":"var(--ast-global-color-4)","background-image":"","background-repeat":"repeat","background-position":"center center","background-size":"auto","background-attachment":"scroll","background-type":"","background-media":"","overlay-type":"","overlay-color":"","overlay-opacity":"","overlay-gradient":""},"mobile":{"background-color":"var(--ast-global-color-4)","background-image":"","background-repeat":"repeat","background-position":"center center","background-size":"auto","background-attachment":"scroll","background-type":"","background-media":"","overlay-type":"","overlay-color":"","overlay-opacity":"","overlay-gradient":""}},"footnotes":""},"class_list":["post-7","page","type-page","status-publish","hentry"],"_links":{"self":[{"href":"https:\/\/eniyi15.com\/index.php\/wp-json\/wp\/v2\/pages\/7","targetHints":{"allow":["GET"]}}],"collection":[{"href":"https:\/\/eniyi15.com\/index.php\/wp-json\/wp\/v2\/pages"}],"about":[{"href":"https:\/\/eniyi15.com\/index.php\/wp-json\/wp\/v2\/types\/page"}],"author":[{"embeddable":true,"href":"https:\/\/eniyi15.com\/index.php\/wp-json\/wp\/v2\/users\/1"}],"replies":[{"embeddable":true,"href":"https:\/\/eniyi15.com\/index.php\/wp-json\/wp\/v2\/comments?post=7"}],"version-history":[{"count":10,"href":"https:\/\/eniyi15.com\/index.php\/wp-json\/wp\/v2\/pages\/7\/revisions"}],"predecessor-version":[{"id":69,"href":"https:\/\/eniyi15.com\/index.php\/wp-json\/wp\/v2\/pages\/7\/revisions\/69"}],"wp:attachment":[{"href":"https:\/\/eniyi15.com\/index.php\/wp-json\/wp\/v2\/media?parent=7"}],"curies":[{"name":"wp","href":"https:\/\/api.w.org\/{rel}","templated":true}]}}